g be r(4). Let m = g + -369. Suppose 185 = q - h, 5*q + 4*h - 183 = m. What are the prime factors of q?
181
Let v(f) = 9*f**2 - 115*f - 212. List the prime factors of v(38).
2, 7, 601
Let s(l) = 43*l - 69. Let u be s(-9). Let g = -205 - u. List the prime factors of g.
251
Let r = 123 - 126. Let f be (2/r)/(-1)*21/(-14). List the prime factors of (-2 - 76)/f + 0 + 2.
2, 5
Suppose -3*i - 5*l + 32 = -0*l, 0 = 4*i - 3*l - 4. Suppose -i*u - 739 - 694 = -v, -3*u - 5732 = -4*v. What are the prime factors of v?
1433
Suppose -13*p + 9393 + 4089 = -8748. What are the prime factors of p?
2, 3, 5, 19
Suppose -9*h = -69*h - 33803 + 514103. What are the prime factors of h?
5, 1601
Let y(x) = -2*x**2 + 21*x + 5. Let n be y(11). List the prime factors of -720*(5 - (-36)/n).
2, 3, 5
Let r = -39955 - -75674. List the prime factors of r.
23, 1553
Let b = 117 - 116. What are the prime factors of 511/(-21)*(b - 13)?
2, 73
Suppose -u + 59476 = 5*y, 2*y = 2*u + 16288 + 7512. What are the prime factors of y?
2, 1487
Suppose 0 = -j - 2*o - 1299, 0 = 6*j - j - 3*o + 6482. Let g = j - -1848. What are the prime factors of g?
19, 29
Suppose 20 = 4*n - 3*g, -12 = -2*n - 0*g + 2*g. Let a(x) = 10 + 8*x**3 - 1 - 7*x**3 + 9*x**n - 14*x**2. What are the prime factors of a(7)?
107
Let s be (3/(-6))/((-1)/104). Suppose -7 + 5 = 2*v, -2*h - 5*v - 81 = 0. Let u = s + h. What are the prime factors of u?
2, 7
Let d = -12693 - -15103. List the prime factors of d.
2, 5, 241
Let g be (6 + 18)/(-6) + -2. List the prime factors of 5036/g*24/(-80)*5.
1259
Let l(r) = -12*r + 209. Let c be l(-13). Let u = c - -947. What are the prime factors of u?
2, 41
Let l be 2 + (-6 - 448*-1). Suppose 9*m - 3777 = l. What are the prime factors of m?
7, 67
Let r(i) = -51*i + 61. Let s be r(2). List the prime factors of (s - -32)*(-2)/(-3) - -420.
2, 3, 23
Let w be ((-2)/4)/((-2)/36). Suppose 2*q + w = 5*q. Suppose d - 508 = -q*a, 4*a = 3*a + 5*d + 148. What are the prime factors of a?
2, 3, 7
Let j(k) = -k - 5. Let l be j(-3). Suppose -3 = -3*x + 39. Let o = x + l. What are the prime factors of o?
2, 3
Let c(d) = 3*d**2 + d + 1. Let n be c(-1). Let i be (9/n)/((-1)/(-41)). Let o = 270 - i. What are the prime factors of o?
3, 7
Suppose 18*t - 17 = 145. Suppose 1684 = 3*n + 4*v, -t*n + 4*v = -7*n - 1096. What are the prime factors of n?
2, 139
Suppose -5*l = -55 + 35. Let k(o) = 6*o**3 + 13*o**2 - 13*o + 1. What are the prime factors of k(l)?
541
Suppose 2*y - 310 - 814 = 0. Let i = y + -247. List the prime factors of i.
3, 5, 7
Let q(t) = 295*t**3 - t**2. Let i be q(-1). Let j be 8/(-12) - 6835/(-15). Let c = i + j. List the prime factors of c.
3, 53
List the prime factors of 204/(-272)*((-19268)/(-1))/(-1).
3, 4817
Let p be (-5)/((-30)/(-246)) - -5. Let z = p - -50. What are the prime factors of z?
2, 7
Let n(a) = -a - 11. Let u be (-39)/(-26)*14/3. Let g be n(u). Let f = 102 - g. List the prime factors of f.
2, 3, 5
Let a = -267 - -558. Let c be ((-33)/55 - 1002/5) + -2. Let t = a + c. List the prime factors of t.
2, 11
Suppose 11*a - 6*a - 4*f - 10 = 0, -a + 4*f = -2. Suppose -j + 0*j - 1673 = -4*l, 5*l + a*j = 2101. What are the prime factors of l?
419
Suppose -4*b - 24 = 2*o, 3*o - 12 = 2*b + 2*o. Let c = 8 + b. List the prime factors of (-620)/(c + 0)*(-9)/18.
5, 31
Suppose 7 = 4*p + 3*c, p + 8*c = 3*c - 11. Suppose 3*v - t - 240 = 2*v, -p*v + 955 = -5*t. What are the prime factors of v?
5, 7
Let p(z) = 8*z**3 - 18*z**2 + 13*z + 4. Let m be p(4). Let d = m + -248. What are the prime factors of d?
2
Suppose 8*n - 199 = 41. Let f(b) = 2*b**2 - 49*b + 14. List the prime factors of f(n).
2, 43
Let t(w) be the first derivative of w**4/2 + 16*w**3/3 - 19*w**2 - 43. Let s(a) be the second derivative of t(a). List the prime factors of s(7).
2, 29
Suppose -13*u = -7*u + 1422. Let g = 428 + u. What are the prime factors of g?
191
Let u be 5/((-25)/798)*(0 + -5). Suppose 3*h - u = h. List the prime factors of h.
3, 7, 19
Let q = -468 + 493. Let r be 503/5 + 4/10. Suppose 4*d - r = -q. What are the prime factors of d?
19
Suppose -21*f + 126211 + 43225 = -316315. What are the prime factors of f?
23131
Suppose 0 = f + 4*u - 63717, 1231*u = -5*f + 1228*u + 318449. List the prime factors of f.
5, 47, 271
Suppose 5*q - 3*d = 22, 4*d + 11 = 4*q - 5. Suppose q = -t + 8. Suppose -1 = -l + t*c, -c = c - 8. What are the prime factors of l?
13
Let z(y) = 103 - 439*y**3 - 104 - 7*y + 6*y. List the prime factors of z(-1).
439
Let r = 250 + -131. Let i = r - 125. Let w(s) = 4*s**2 + 6*s + 4. List the prime factors of w(i).
2, 7
List the prime factors of 69101/7 + 70/49.
3, 1097
Let x = 6 + 6. Let k = 1315 - 1298. Suppose k*j - 190 = x*j. What are the prime factors of j?
2, 19
Suppose 10 = 3*s - 5. Let d(f) = -f**3 + f**2 + 14*f - 24. Let b be d(-4). Suppose b*z = -5*x - z + 970, -4*z + 955 = s*x. What are the prime factors of x?
3, 5, 13
Suppose -56686 = -6*j - 18*j + 76562. List the prime factors of j.
2, 347
Let n be ((868/(-8))/7)/(8/592). Let w = 1971 + n. List the prime factors of w.
2, 103
Let g = -1183 + 4947. List the prime factors of g.
2, 941
Suppose -1076*m - 37395 = -1079*m. List the prime factors of m.
3, 5, 277
Let c = -27 - -47. Suppose 12 = 2*v + v + o, -4*o = 5*v - c. Suppose -l + v = 1. List the prime factors of l.
3
Suppose 5 = x, j = -4*x + 13 + 75. Let h = 44 - j. What are the prime factors of 10*(-3)/h*4?
5
Let i(q) = -2843*q + 9369. What are the prime factors of i(-6)?
3, 23, 383
Let q(b) = -4*b**2 + 3*b + 3. Suppose 3*g - 20 = 5*f, -16 - 4 = 5*f + 5*g. Let s be q(f). Let r = 132 + s. What are the prime factors of r?
59
Suppose 5*g - 2*r - 63062 - 7664 = 0, 0 = -4*g - 2*r + 56588. List the prime factors of g.
2, 11, 643
Let d = 39 - 35. Let n be d/16 - (-1 + (-915)/4). Suppose -2*w + 4*l + n = 0, -5*w - 3*l + l = -539. List the prime factors of w.
109
Let y = -74 - -77. Suppose 0*j - y*j + 171 = -3*z, 5*z - 10 = 0. Let g = j + -44. List the prime factors of g.
3, 5
Suppose 0 = -4*o + 12769 + 32363. List the prime factors of o.
3, 3761
Let l(f) = -208*f + 4693. What are the prime factors of l(-46)?
13, 1097
Let z = -354 + 111. Let l = 544 + z. What are the prime factors of l?
7, 43
Let d(o) = 177*o**3 + 2*o + 66 + 26*o**2 + 2*o - 178*o**3 + 2*o. What are the prime factors of d(26)?
2, 3, 37
Let n = -130 - -214. Let c = -89 - n. Let x = c + 308. List the prime factors of x.
3, 5
Let v be 180/54 - (-2)/(-6). Suppose 26*k - 25*k = v. Suppose -2*n - k*g + 238 = -108, -4 = g. What are the prime factors of n?
179
Let i be (-1)/3 - (-4)/(-60)*-5. Suppose i = o + v - 121, -2*v + 34 + 327 = 3*o. List the prime factors of o.
7, 17
Let t be 8/(-10) + (-81)/(-45) + 2719. Let d = t + -1361. What are the prime factors of d?
3, 151
Let v(a) = -2*a**2 + 13*a + 18. Let f be v(7). Suppose m + 48 = -f*m. What are the prime factors of -24*m/12*2?
2
Suppose 3*p - 16 = -4*t - p, -4 = p. Let o = 1698 + -1685. Suppose -t*j + o*j - 470 = 0. List the prime factors of j.
2, 47
Let t(m) = 836*m + 1195. What are the prime factors of t(17)?
7, 31, 71
Let l(r) = -23*r + 18. Let a be l(-13). Suppose 3*q - a = -17. Suppose -q - 128 = -4*u. List the prime factors of u.
3, 19
Suppose 8*n - 39895 = -6882 + 3675. What are the prime factors of n?
2, 2293
Let s = 2143 - 505. List the prime factors of s.
2, 3, 7, 13
Suppose 0 = -x + 4*x - 2775. Suppose -4*w + x = 5*y, -2*w + y = -3*y - 482. Suppose 5*i = 230 + w. What are the prime factors of i?
3, 31
Suppose -3*i - 4*g = i - 644, 5*g = 5*i - 785. List the prime factors of i - (0 + 5 + -9).
163
Suppose -39955 = -63*r + 12524. What are the prime factors of r?
7, 17
Let x(a) be the second derivative of -a**3/6 - a**2 + 20*a. Let m be x(-13). Let z = m + -5. List the prime factors of z.
2, 3
Suppose -5*o + 18799 = -5*a - 26721, 4*o - 36456 = -4*a. What are the prime factors of o?
9109
Suppose -6540 = -o - 3*k, 3*o - 11672 - 7928 = k. What are the prime factors of o?
2, 3, 11
Let y(d) = -3*d - 12. Let r be y(-5). Let v be (-2)/6*(0 - r). List the prime factors of (2/v)/((-14)/(-595)).
5, 17
Let i be 2/(-10) - (-1)/5 - -996. Suppose -7*a + i + 26 = 0. What are the prime factors of a?
2, 73
Let l(k) = 11*k + 55. List the prime factors of l(8).
11, 13
List the prime factors of ((-4080)/(-544))/(